e
Let j be -2 - 2 - 91052/(-17). Suppose 12*r - j = 8*r. Let g = r + -741. Is g a composite number?
True
Let k = -49 + 57. Suppose k*z - 5*z = 15. Suppose -2*g + 11485 = -z*m, 4*g = -g + 5*m + 28750. Is g a prime number?
False
Let o be (-2 - 1) + -5 + (-3)/(-1). Let b(f) = -85*f**3 - 11*f**2 - 4*f - 1. Is b(o) composite?
False
Let t = 2071 - 1099. Let b(y) = 287*y**3. Let l be b(1). Let c = t - l. Is c prime?
False
Suppose 0 = 5*y - 5*j - 50214 - 26411, y + j = 15325. Suppose 6*b = 3*w + 2*b - 9221, -5*w + y = 2*b. Is w prime?
True
Let u = 126380 + 54797. Is u composite?
True
Suppose 0 = 12*j + 3*j - 156090. Is 19/(190/4) + j/10 composite?
True
Let n(s) = 7*s - 8. Let y be n(4). Let m be 2 - -8249 - 5/y*4. Suppose 2*b + a - 3305 = 0, a = 5*b + 6*a - m. Is b composite?
True
Suppose 4*x - 16*g - 23191 = -19*g, -2*g - 5806 = -x. Suppose 0*s - 3*s - 4*r = -3477, 5*s + 5*r - x = 0. Is s prime?
True
Let o(h) = -h + 9. Let g be o(-7). Let a be g/(-24)*2 - 8402/3. Let l = a - -4903. Is l composite?
True
Let m be (-26)/(-39)*(30/4)/5. Is 4897 - (-1 + 4)/m a composite number?
True
Suppose 209*f - 204*f - 1085351 = -2*v, -5*f = 4*v - 2170717. Is v a composite number?
False
Is 32822/(-5)*(-95*(-39)/(-130) + 11) composite?
True
Let b = 326 + -318. Is 1/(5/105320*b) prime?
True
Suppose 2*l = 4*m + 819142, 0 = 3*l - 244*m + 246*m - 1228673. Is l composite?
True
Is (2 - -1362576)/7 - (24/(-3) - -3) a prime number?
True
Let u = -14876 + 29859. Is u prime?
True
Let c(d) = -6906*d**3 - 6*d**2 + 23*d + 10. Let h(o) = -6905*o**3 - 5*o**2 + 21*o + 10. Let z(s) = -5*c(s) + 6*h(s). Is z(-1) prime?
True
Let y(v) = v + 4. Let n be y(1). Suppose 4*c + 5*m - 830 = 307, -n*c + 5*m + 1365 = 0. Suppose -c = -z - 2*w, -3*z + 4*w + 816 = w. Is z a composite number?
True
Let t = 112377 - 66635. Is t prime?
False
Let w(k) = 79*k**3 - 14*k**2 - 3*k + 21. Is w(10) a prime number?
True
Suppose 0 = 7*k - 280281 - 934618. Is k a composite number?
True
Suppose -237*b = 109*b - 39379049 + 10900827. Is b a prime number?
True
Suppose 0 = 61*y - 18*y - 129. Let n be (-4 - -6) + 1703 + -4. Suppose 0 = 5*w - 3*w + 10, -3*g = -y*w - n. Is g composite?
True
Suppose -5*f - 4*b = -14 - 9, -5*f + 47 = -4*b. Let o = 5299 + -3541. Suppose -f*g + g = -o. Is g prime?
True
Suppose 0 = 5*y + 2*h - 4100, -4*h + 1624 = 2*y - 0*y. Let x be ((-257)/(-2))/(12*(-3)/(-72)). Let g = y - x. Is g a composite number?
True
Suppose 3*d - a - 414476 = 0, -60*d + 61*d + 4*a = 138189. Is d prime?
False
Let h(z) = -8*z + 11. Let j(t) = -11 - 13*t + 0 + 18. Let y be j(2). Is h(y) composite?
False
Let x(m) = 146*m + 13. Suppose 0 = -18*k + 144 - 36. Is x(k) a prime number?
False
Let i be 6/6*(-5 - -1). Let u = 6 + i. Is 1/u*2*187 prime?
False
Suppose 4*r - 8*m + 4*m - 1685328 = 0, -m = 2*r - 842661. Is r prime?
True
Suppose -y + 30*y - 1681104 = -19*y. Is y composite?
False
Let c = -409 + 494. Suppose -103*h = -c*h - 44298. Is h composite?
True
Suppose 2*s - 60 = 5*b, -5*s + 38 = -2*b - 7. Let o be 3/(14/((-97720)/(-12))). Is (-3 - b)/(-1*(-5)/o) composite?
True
Let s(w) = -w**3 - 25*w**2 - 24*w - 9. Let v be s(-24). Let z(b) = -141*b + 8. Is z(v) composite?
False
Suppose 2*g - 6898 = 9632. Let d = -4182 + g. Is d a prime number?
False
Let f(n) = -1696*n - 57. Is f(-1) prime?
False
Is (-11 - -4) + 307132 + 34 a prime number?
False
Suppose 0 = 7663*y - 7667*y + 617324. Is y prime?
False
Suppose -r - 8*r = 0. Suppose 0*j - 7*j - 35 = r. Is 1082*(j/(-25) + 3/10) a composite number?
False
Let z(n) = -10*n + 42. Let r be z(4). Suppose -3*p = 2*s - 5*p + r, -p + 7 = s. Suppose s*i - i = 2018. Is i a prime number?
True
Suppose -12 = -3*l, 0 = 2*d - 6*d - 2*l + 4224. Suppose -2*b + d = 4*i, b = 3*i - 8*i + 1313. Is i composite?
True
Let o = 9 - 8. Let s be o/(10/4) - (-92956)/10. Let x = s + -6337. Is x composite?
True
Suppose -r + 1171986 = -13*r + 18*r. Is r a composite number?
True
Suppose 4*y - 12 = 0, 3*j = 4*y - 140226 + 493605. Is j prime?
True
Let p(y) = 48*y + 2. Let o be p(2). Suppose 17*i - o = 19*i. Let h = -18 - i. Is h a prime number?
True
Suppose -2*y + 5*z + 18 = 0, y + 0*z - z = 6. Suppose -1120 = -4*s - y*a, -s - 2*s + a = -836. Suppose 5*w = 14*w - s. Is w a prime number?
True
Let b(t) = 67*t**2 + 194*t + 65. Is b(11) a composite number?
True
Let u be (-94)/((-33)/(-18) + -2). Suppose -g = 3*g - u. Is g prime?
False
Let j = 345264 + -173042. Is j a prime number?
False
Let w(l) = l**3 + 8*l**2 + l - 7. Let i be w(-5). Let p = 724 - i. Let s = p - 280. Is s prime?
False
Suppose 8*m - 20 = 4*m, 4*m - 17 = -3*f. Let d(s) = -391*s + 1. Let w(h) = -1. Let b(c) = d(c) - 5*w(c). Is b(f) composite?
False
Let f(p) = 79*p**2 + 58*p + 29. Suppose -x - 2*x = 2*v + 28, 3*v = 3*x + 48. Is f(x) prime?
True
Let q(b) = -940*b + 12. Let r(d) = 313*d - 4. Let p(t) = -4*q(t) - 11*r(t). Is p(3) composite?
False
Suppose 0 = 2*q + 4*t + 77 - 9, -q = -2*t + 34. Is 18263/2*(q - -36) prime?
False
Let t(b) = -136*b + 1. Let c(z) = z - 9. Let f be (1*(0 + 2))/(5/15). Let d be c(f). Is t(d) a prime number?
True
Let o(a) = -10*a - 27. Let x be o(-5). Suppose 0 = 17*s - x*s + 6690. Is s a composite number?
True
Suppose -153*m + 194*m = 3810253. Is m prime?
False
Let u(h) = -5*h**2 - 4*h + 150*h**3 - 214*h**3 + 1 + 1. Let q(g) = 64*g**3 + 6*g**2 + 4*g - 3. Let m(b) = 3*q(b) + 4*u(b). Is m(-2) a composite number?
True
Let t = 1106607 + -707836. Is t a prime number?
True
Suppose -3*p + 1257 = -3*b - 9909, -2*p + 7409 = 5*b. Suppose 0 = -4*r + 5*m + p, 5*r + 1042 = -5*m + 5632. Is r a prime number?
False
Let q(l) = -l**2 - 16*l + 7. Let m be q(-17). Let y be ((-24)/(-40))/((-2)/m). Suppose n + y*f = 159 + 11, n - f - 158 = 0. Is n a composite number?
True
Suppose -4*w - 3554 = -y, 2*y - 9709 = 3*w - 2611. Suppose -1994 - y = -2*u. Is (1 - u/8)/(3/(-12)) composite?
False
Let f(h) = -h**3 + h**2 + 1. Let l(p) = -4*p + 3*p**3 + 11*p**2 - 5*p**3 - 3*p + 2. Let d(s) = -3*f(s) + l(s). Is d(8) prime?
True
Suppose -101 = -21*n + 151. Suppose 20635 = 17*f - n*f. Is f prime?
True
Suppose 2*q + 4 = 4*q. Let f be (12*q/(-4))/(-2). Suppose 0 = f*n + 3, -2*z - 3*n = -4*n - 8075. Is z a prime number?
False
Suppose -20*m - 32699 = -273665 - 76574. Is m a composite number?
False
Suppose 0 = -4*r + 14*r - 4*r. Suppose 2*q + 2*s - 5016 = r, 5*q - 7484 = 2*q + 5*s. Is q a composite number?
False
Let b(t) = t - 9. Let o(m) = -4. Let s(z) = -3*b(z) + 5*o(z). Is s(0) prime?
True
Suppose 5*l = -2*r + 599969, -885 - 299107 = -r + 5*l. Is r prime?
False
Suppose -4*s + 1525 = -3*j, -106*s + 101*s + 1913 = 3*j. Is s a composite number?
True
Let y = 46541 + -29521. Suppose -3352 = 2*p - 2*o - y, 4*o = -4*p + 27376. Is p prime?
False
Is -3 - 258/(-172)*36968/6 prime?
True
Let w be (-58)/15*-7143 - (-6)/15. Let h = -3451 + w. Is h prime?
True
Suppose 11*f - 9*f = l + 61515, 0 = -3*f + l + 92269. Is f a prime number?
False
Is (1774871/28 - -12)/(30/(-8) - -4) a composite number?
False
Let o = -59522 + 179871. Is o a composite number?
False
Suppose -2*h + 6*h - 2396 = 0. Let q = -292 + h. Is q composite?
False
Suppose 0 = a - 0*a + 1042. Let p be a/(3 + 7/(-2)). Suppose -4*u + p = -3*m, 2*m = -u + 5*m + 521. Is u a prime number?
True
Suppose -b + 3 = 0, -b - 2 + 1 = -2*k. Suppose -q - 6 = -k*d, 3*d = -2*d - 5*q. Is d/4 - 93906/(-36) a composite number?
False
Let s(n) = 4*n**3 - 3*n**2 + n - 2. Let u be s(2). Suppose u = 6*q + 110. Let j(p) = -20*p + 35. Is j(q) a prime number?
False
Let m(l) = 10*l**2 + 2*l - 739375. Let p be m(0). Is 8/(-28) + p/(-49) prime?
False
Let x be (-7)/28 + 34/(-8)*-1. Suppose -5*t + 4*s + 154 = 0, -4*t + 174 - 50 = -x*s. Is 4/t - (-123799)/195 a prime number?
False
Suppose 0 = -28*x - 26 - 254. Is ((-2238)/x)/(4/20) a composite number?
True
Suppose -3*g - 1031 = -4*a + 427, -5*g = -a + 356. Suppose 3*z - 739 = -4*s + 2*s, s = -5*z + a. Is s composite?
True
Let s(m) = 10*m**2 + 41*m - 42. Let f be s(1). Let y(b) = 199*b**2 + 31*b + 49. Is y(f) prime?
True
Suppose -6*x - 72 = -0*x. Is (x/(-48) - 109346/(-24))*3 a prime number?
True
Let u = 26 - 16. Suppose u = 5*r - 30. Is 1051/4 + r/32 a prime number?
True
Let r(a) = 11616*a**2 - 16*a - 111. Is r(-5) prime?
True
Suppose -4*l = 4, -237*y + l + 261538 = -234*y. Is y a composite number?
False
Is -